 0 = -4*q + u + 337. What is the remainder when 260 is divided by q?
11
Let f(i) = 2*i**2 - 10. Let q be f(6). Suppose 18 + q = 5*a. Calculate the remainder when a is divided by 11.
5
Let g(h) = 24*h**2 + 3*h - 9. Calculate the remainder when g(2) is divided by 48.
45
Let n(b) = b**3 - 24*b**2 - 20*b + 35. Calculate the remainder when n(25) is divided by 9.
7
Let r(w) be the first derivative of w**3 - w**2/2 + 20. Suppose 0*y = -3*y + 117. Calculate the remainder when y is divided by r(-2).
11
Suppose 148 = 33*t - 32*t. Let v = -23 - -53. What is the remainder when t is divided by v?
28
Let t(n) = -4*n - 6. Let z be t(-6). Calculate the remainder when (-32)/(-3)*189/z is divided by 29.
25
Suppose 15*y - 19*y = -20. Suppose 3*w - y*z - 131 = 0, -1 + 56 = w + 4*z. What is the remainder when w is divided by 8?
7
Let u(l) = l**2 + 4*l + 2. Let r be u(-3). Let y be (r + 3/6)*-6. Suppose -39 = -0*s - y*s. Calculate the remainder when s is divided by 7.
6
Let k = 1315 + -1286. Let t(m) = 3*m**2 + m. What is the remainder when t(4) is divided by k?
23
Let d(u) = -34*u - 122. Calculate the remainder when 1411 is divided by d(-4).
11
Let n(j) = 2*j**2 + 2*j + 2. Suppose -90*i + 278 + 172 = 0. Calculate the remainder when n(-3) is divided by i.
4
Suppose b + 4*s - 26 = 0, 2*b - 2*s = 5 - 3. Let o = -13212 + 13228. Calculate the remainder when o is divided by b.
4
Suppose -28 - 4 = -8*j. What is the remainder when 4 is divided by j?
0
Let a(g) = -g**2 - 9*g + 5. Suppose 47 = 10*t - 33. What is the remainder when a(-8) is divided by t?
5
Let k(w) = -19*w - 2. Let l be k(-3). Suppose 11 = -l*r + 56*r. What is the remainder when 32 is divided by r?
10
Suppose -3*i = 2 + 4. What is the remainder when 237 is divided by 1*i - 2*18/(-1)?
33
Suppose -2*a - 98 = -4*a. Calculate the remainder when a is divided by (-3103)/(-522)*3 + (-1)/(-6).
13
Suppose -2*f = 11 - 3, -31 = -3*n - 2*f. Calculate the remainder when 68 is divided by n.
3
Suppose 7*f = 2*f + 425. Suppose -4*c - 38 = -274. Let p = c + -37. Calculate the remainder when f is divided by p.
19
Suppose 9 = 2*k - 7. Suppose k = -j + 24. Suppose -46 = -i - 15. What is the remainder when i is divided by j?
15
Let m = 616 - 598. Calculate the remainder when 428 is divided by m.
14
Let a(n) = -2*n + 15. Let s be a(-8). Suppose -g = 5*r - s, 5*g - r - 47 = r. What is the remainder when 43 is divided by g?
10
Suppose -o + 6*o = 4*k - 14, 5*o = -5*k + 40. What is the remainder when 2*6 - 11/(33/k) is divided by 9/2 + 1/(-2)?
2
Let s be (-3)/7 + 24372/28 + -4. Suppose 5*q = s - 46. Calculate the remainder when q is divided by 33.
32
Suppose -7918 = 53*m - 90*m. Calculate the remainder when m is divided by 9.
7
Suppose 2*l - 17 - 21 = 0. Let x(s) = 11*s**2 - 36*s + 4. What is the remainder when x(4) is divided by l?
17
Suppose 8 + 0 = 4*y. Suppose -2*b - 2*p = -0*b - 42, 112 = 5*b - y*p. What is the remainder when 62 is divided by b?
18
Calculate the remainder when 13 is divided by 7/(-4 - (-15)/3).
6
Suppose -2*m = -4*m + 12. What is the remainder when 49 is divided by (-42)/(-4) - (-15)/m?
10
Suppose -4*n - 11 = -3, 2*l + 4*n = 34. Let h(v) = 53*v. Let w be h(3). Let p = w - 77. Calculate the remainder when p is divided by l.
19
Suppose 8*k - 51 = 117. Calculate the remainder when 145 is divided by k.
19
Let a(n) = 4*n + 6. Let y be a(0). Suppose y*x = 8*x - 12. Calculate the remainder when 26 is divided by x.
2
Suppose -d - 107 + 293 = -3*q, -3*q = 5*d + 204. Let l = 125 + q. What is the remainder when l is divided by 11?
7
Suppose -5*l + 1334 + 2747 = -4*m, 0 = 2*l - 5*m - 1646. What is the remainder when l is divided by 16?
13
Let r(c) = 2*c**2 - 4*c - 2. What is the remainder when r(6) is divided by 416/(-39)*18/(-24)?
6
Suppose -4*r + 2*r - 12 = 0. Let o(x) = x**2 + 4*x - 12. Let k be o(r). Suppose -l + 2 + 4 = k. Calculate the remainder when 23 is divided by l.
5
Suppose 2*l + 2*c - 4 = 0, 0 = -11*l + 7*l + 4*c + 48. What is the remainder when l is divided by ((-2)/(-4))/((-3)/(-18))?
1
Suppose 0 = -5*t + 397 - 282. What is the remainder when 49 is divided by t?
3
Suppose 0 = -3*d + 5*j - 19, 3 = 4*d + 3*j - 4*j. Suppose b + 34 = 2*b + d*w, -2*w + 6 = 0. What is the remainder when 41 is divided by b?
13
Let k = 131 + 38. Suppose -4*t + 138 = a, 5*a = 4*t - 99 - 27. Calculate the remainder when k is divided by t.
33
Let o(q) = q + 8. Let l be o(-9). Let j be (3 - 3)*l/(-2). Suppose j = b - p - 66, 2*b = -3*p + 16 + 106. What is the remainder when b is divided by 13?
12
Let c be ((-9)/((-27)/142))/((-2)/12). Let b = 516 + c. Calculate the remainder when b is divided by 47.
44
Suppose -70*f + 6655 = -485. What is the remainder when 501 is divided by f?
93
Let v = -27 + 36. Suppose -v = -x - 10. Calculate the remainder when (-1935)/(-21) + x/7 is divided by 24.
20
Suppose 0 = 3*a - s + 16, -34 = -a + 5*a + 5*s. Calculate the remainder when 467/7 + a/(-21) is divided by 24.
19
Suppose 0 = -4*i - 4, 4*i = 4*t - 47 + 3. Suppose 2*r + 2 = -0*r, 0 = -m - r - 13. Let j = 31 + m. Calculate the remainder when j is divided by t.
9
Let u(k) = -2*k**3 + 5*k**2 + k - 2. Let p(r) = r**3 - 5*r**2 - 2*r + 2. Let f(a) = 3*p(a) + 2*u(a). Calculate the remainder when f(-5) is divided by 7.
1
Let z = -216 + 244. What is the remainder when z is divided by 8?
4
Let u(o) = -2*o**2 - 2*o. Let w be u(1). Let z = 8 - w. What is the remainder when 22 is divided by z?
10
Let o(d) = 7 + 1 - 10*d - 3. Suppose -594*m = -595*m + 29. Calculate the remainder when o(-8) is divided by m.
27
Let x(z) = -2 + 2 + 2*z + 13*z**2 + 2. Suppose 2*k - k = 4*l - 3, 0 = -4*l + 20. What is the remainder when x(-2) is divided by k?
16
Let i = -2021 - -2096. Calculate the remainder when 674 is divided by i.
74
Let y(o) = -55*o + 27. Calculate the remainder when 152 is divided by y(-1).
70
Let w = 363 - 236. What is the remainder when 1142 is divided by w?
126
Suppose 4*u + 304 = 2*q - 360, 0 = -q - 2*u + 324. Calculate the remainder when q is divided by 43.
27
Let b(u) = 7*u + 1 - 2*u - 40*u. Suppose 75*o + 10*o - 1453 = -348. What is the remainder when b(-1) is divided by o?
10
Suppose -h + 2*m + 13 = -16, 3*h + 3*m = 105. Let w(o) be the first derivative of -3*o**2 - 3*o + 1. What is the remainder when h is divided by w(-2)?
6
Suppose -3*a = -4*m + 15, 3*m - 6*m = -5*a - 14. What is the remainder when (-1)/(a/7 - (-138)/1113) is divided by 19?
15
Suppose 0 = 5*i, 0 = 4*j + i - 3*i - 40. Suppose 0 = 4*c - 3*v - 39, 5*c - 4*v = 2*c + 24. Calculate the remainder when j is divided by ((-11)/(-22))/(1/c).
4
Let p(x) = -2*x**3 - 16*x**2 - 44*x + 8. Calculate the remainder when p(-5) is divided by 33.
12
Let a(v) = 2*v + 14. Let d be a(-5). Suppose 5*z + 14 = 3*j, 2*j + 4*z + 2 = d. Let w(m) = 5*m + 4. Calculate the remainder when 54 is divided by w(j).
16
Let o = 51 - 25. Calculate the remainder when 73 is divided by o.
21
Suppose 2*k + 6 = 2*l, k = 3*k - 4*l + 14. Let r = 21 - k. Calculate the remainder when (-3)/(-6)*(r + 0) is divided by 4.
2
Let t = 75 + -74. Calculate the remainder when t + 920/15 - 2/(-3) is divided by 16.
15
Suppose -357 = -5*i + 508. What is the remainder when i is divided by 59?
55
Let c(g) = -g**3 + 2*g**2 + 7*g - 2. Let m be c(4). Let f(z) = 2*z**2 - 2*z - 3. What is the remainder when f(-3) is divided by (-1*1)/(m/66)?
10
Suppose -36*b = 51*b - 1740. What is the remainder when 137 is divided by b?
17
Suppose 63*m - l - 84 = 60*m, 2*l = 6. What is the remainder when 68 is divided by m?
10
Let r = 146 - 103. Suppose 5*v = 22 + r. Calculate the remainder when 36 is divided by v.
10
Let u = -99 - -148. Let h = u - 19. Calculate the remainder when 89 is divided by h.
29
Let a be (-17 + 16)*135*-2. Calculate the remainder when (a/75)/((-4)/(-30)) is divided by (-1)/(6/(-20))*3.
7
Let y = 106 + -61. Suppose 0 = 6*a - 12 - 36. Calculate the remainder when y is divided by a.
5
Suppose -16*z = 12 - 44. Suppose -36 = -z*y + 4*w, 0 = 9*y - 10*y + 5*w + 24. Calculate the remainder when y is divided by 9.
5
Let t = -277 + 752. What is the remainder when t is divided by 237?
1
Let t = 3029 - 2974. Calculate the remainder when t is divided by (-1)/4 - 154/(-8).
17
Suppose 2*h = -4*o + 48, 3*o + 3*h - 60 = -2*o. Suppose -39*i - i + 3720 = 0. Calcul